. Let f = n - -3. Let d(t) = 5*t**3 + 25*t**2 - 13*t - 8. Let k(o) = o**3 + 6*o**2 - 3*o - 2. Let g(p) = 2*d(p) - 9*k(p). Calculate g(f).
-4
Let h(z) = z - 7. Let c(v) be the first derivative of -v**2/2 + v - 15. Suppose 4*n = 4*t - 4, 2*t = n + 4*n + 17. Let w be c(t). Determine h(w).
-2
Let w = -1 - -3. Let b be 1 + -6 - 0/w. Let m(s) = -s**2 - 6*s + 7. What is m(b)?
12
Let k(o) = o**2 + o. Let y(x) = x**3 + 2*x**2 - 6*x + 5. Let t(g) = -2*k(g) - y(g). Give t(-5).
0
Let q(c) be the first derivative of -c**5/60 - c**4/24 - c**3/3 + 1. Let h(w) be the third derivative of q(w). Calculate h(2).
-5
Let d(l) = 1. Let n(q) = 2*q**2 - 4*q - 1. Let x(m) = 4*d(m) + n(m). What is x(2)?
3
Let i(o) be the third derivative of -o**6/120 - o**5/12 - o**4/12 + 5*o**3/6 + 155*o**2. Let g be 7/(-2) - (-2)/(-4). What is i(g)?
-3
Let v(h) = -6 + 97*h - 103*h + 0*h**2 - h**2. Give v(-5).
-1
Let w be 4 + 4 - 2/2. Suppose w*j - 4*j - 12 = 0. Let q be j/(-6) - 16/(-6). Let x(z) = z**2 - 3*z + 2. Calculate x(q).
0
Let f(o) = -3*o**3 - 4*o - 4. Let p be f(-1). Let t(b) be the second derivative of -p*b - 1/6*b**3 - 3/2*b**2 + 0. Calculate t(0).
-3
Let i(u) = -2*u**3 - 3*u**2 - 3*u. Let b(v) = -5*v + 9. Let q(l) = -3*l + 5. Let p(a) = -4*b(a) + 7*q(a). Let h be p(1). Give i(h).
10
Let w(u) = 3*u - 3*u**2 + 8 - u - 9. Let c be w(1). Let o(j) = -3*j**2. Give o(c).
-12
Let a(i) = -20*i - 1. Let o(x) = 7*x. Let t(v) = 6*a(v) + 17*o(v). Let k be (0 - (0 - 2)) + -6. Let b be ((-2)/k)/((-1)/10). Give t(b).
-1
Let h(w) = -11*w**2 + w + 1. Let i(l) = l - 10. Let j be i(9). Give h(j).
-11
Let s(k) = 7*k - 2. Let h be s(2). Suppose 3*b + h - 3 = 0. Let w be ((-3)/2)/(b/4). Let c(f) = -3*f + 1. Calculate c(w).
-5
Let f(c) = -2*c**2 + 14*c - 13. Let h(l) = -l**2 + 7*l - 1. Let p(q) = q**2 - 7*q + 2. Let j(b) = 4*h(b) + 5*p(b). Let g(s) = 2*f(s) + 5*j(s). Calculate g(5).
-6
Let y(h) = h - 5 + 3*h + 0*h**3 - h**3 - 4*h**2. Suppose 0 = -4*n - 27 + 7. Give y(n).
0
Let n(i) = i + 1. Suppose 50 - 12 = -2*o. Let k be (-4)/(-12) + o/3. Calculate n(k).
-5
Suppose 0 = -4*j + 3*u + 63, 4*u - 27 + 1 = -2*j. Let c(n) = -9*n - 5 + 12 + j*n - 8*n. Determine c(6).
-5
Let d(m) = 3*m - 7. Suppose 4*q + 7 = 39. Suppose -5*s + 2 + q = 0. Suppose -s*j + 14 = 4. What is d(j)?
8
Let o(p) be the third derivative of 1/40*p**5 + 1/8*p**4 + 1/360*p**6 + 0 - 1/6*p**3 - 3*p**2 + 0*p. Let q(r) be the first derivative of o(r). Give q(-4).
7
Let c(o) = -7*o**3 + 6*o**3 + 6*o**2 + 6*o - o**2 - 8. Calculate c(6).
-8
Let c be ((-10)/4)/((-25)/60). Let d(l) = l**3 - 5*l**2 - 3*l - 5. Calculate d(c).
13
Suppose k + 4*v + 9 = -0, -2*v = -3*k + 1. Let p = k + 2. Let r(w) = 9*w**2 + 1 + 0*w**2 - 8*w**2. What is r(p)?
2
Let p be 1/(-1)*(-4 - 1). Let v(g) be the second derivative of g**3/6 - 3*g**2 - 15*g - 1. Calculate v(p).
-1
Suppose p = -20 + 2. Let y = p - -14. Let i(a) = -a**3 - 7*a**2 + 4*a. Let h(w) = w**3 + 8*w**2 - 4*w - 1. Let z(x) = -5*h(x) - 6*i(x). Determine z(y).
-11
Let s = 11 + -8. Let o = s - 7. Let l(k) = -k**3 - 3*k**2 + 3*k + 4. Determine l(o).
8
Let o(l) be the third derivative of l**6/120 + l**5/6 - l**4/24 - 7*l**3/6 + 2*l**2. Let h be o(-10). Let u(t) = -t + 7. Give u(h).
4
Let t(o) = o**3 - o**2 + 2*o - 6. Let q(c) = 1. Let l(a) = -5*q(a) - t(a). Let x be ((-2)/(-4))/(2/4). Calculate l(x).
-1
Let h be (-4)/(-22) + 316/(-44). Let w be 27/(-21) + (-2)/h. Let q(c) = 9*c**3 + 2*c**2 - 1. Calculate q(w).
-8
Let c(j) = 1. Let h(l) = l. Let k(y) = 3*c(y) - h(y). Let v be k(3). Let x(u) = -u**3 - 1 - u**3 - 2*u + v*u + u**3. Determine x(-1).
2
Let p(k) = k**3 - 5*k**2 + 3. Let u(t) be the second derivative of -t**4/12 + t**2/2 + 3*t. Let b(y) = p(y) - 2*u(y). Give b(3).
1
Suppose -4*l + l + 6 = 0. Let m(k) = -6*k**2 + k**3 + k**l - 1 - 2*k**2 + 4*k + k. Let o = 6 + 0. Determine m(o).
-7
Let w(d) be the first derivative of -d**4/2 + d**3 - d**2 - 2*d + 4. Give w(2).
-10
Let m(n) = -2*n**3 + n**3 - 3*n + 10*n**3 + 2*n. Determine m(-1).
-8
Let i(x) = -x**2 + 5*x - 6. Suppose -17*q + 23*q = 30. Determine i(q).
-6
Let x(g) be the first derivative of -1/12*g**4 - 1/360*g**6 + 1/60*g**5 - 2 + 0*g - 1/3*g**3 + 0*g**2. Let k(y) be the third derivative of x(y). Determine k(2).
-2
Let s(c) = -8 + 6 - 9*c**2 - c - c**3 + 3*c**2. Determine s(-6).
4
Let d(n) = n + 1. Let j = -5 + 6. What is d(j)?
2
Let f(w) = w**2 - 8*w + 6. Suppose 2*b - 4 = b + i, 4 = -2*i. Let s be 9/b + 4/8. Determine f(s).
-9
Let c(z) = -2*z - 3. Suppose 20 = -4*i + 36. What is c(i)?
-11
Suppose -5*y - 3 = 2. Let k(r) be the first derivative of -r**4/4 + 2*r**3/3 + r**2 + r + 4. Let f be k(y). Let p(q) = -q**3 + 3*q**2 - 3*q. Give p(f).
-2
Let n(c) = c + 1. Let v(l) = l + 1. Let j(r) = 2*n(r) - 3*v(r). Let t be (11 - 2 - 2)*1. Let h = 2 - t. Calculate j(h).
4
Let d(f) = 6*f. Let z = -187 + 189. Calculate d(z).
12
Let l be (3 + -2 - 0)*(-18)/18. Let n(r) = 12*r**3 + r**2 - r - 1. What is n(l)?
-11
Let l(h) be the first derivative of h**4/4 + 7*h**3/3 + h**2 - 3*h - 11. Calculate l(-3).
27
Let t(m) be the third derivative of -m**6/120 + 7*m**5/60 + 7*m**4/24 + m**3/2 + 6*m**2. What is t(8)?
-5
Let m(d) = -d**2 - 3*d - 3. Suppose 6 = -6*o - 18. Calculate m(o).
-7
Let x(l) be the second derivative of -l**4/12 - 7*l**3/6 + 3*l**2 - 4*l. Calculate x(-6).
12
Let q(c) = -3*c - 4. Let p be (4/(3 + 1))/((-2)/10). Give q(p).
11
Let z(i) be the first derivative of -i**3/3 + i**2 + i + 22. Determine z(3).
-2
Let f(z) = 2 - 4*z - z**2 + 3*z**2 + 0*z. Suppose x - 3*x = 4*s - 4, 5*x = 3*s - 16. What is f(s)?
2
Let c be (-2 - (1 + -1))/(-2). Suppose -3*v + 3*b + 3 = 0, v + b + 2 = c. Let z(l) = -l**2 - l - 8. Determine z(v).
-8
Let i(t) = t**2 + 1. Let a(x) = -5*x**2 + x - 8. Let u(y) = -a(y) - 4*i(y). Give u(0).
4
Let w(p) be the first derivative of 1/6*p**3 - 1/12*p**4 + 1/2*p**2 - 2*p - 1. Let g(j) be the first derivative of w(j). Calculate g(-1).
-1
Let d(y) be the second derivative of -y**5/15 + y**4/24 - y**3/6 + y. Let l(c) be the second derivative of d(c). Suppose 3*h - 5*h = -2. Give l(h).
-7
Let c(v) = -v**2 + 6*v - 5. Let q(x) = 3*x - 1. Let s be q(3). Suppose -5*n = -n - 8. Suppose -n*u + 4*g + 29 - 3 = 0, 0 = 2*g + s. Calculate c(u).
0
Let q(a) = 1. Let k(m) = -5*m**2 - 4. Let t(n) = k(n) + 4*q(n). Let o(s) = s - 6. Let l be o(9). Suppose -l = -d - 2. What is t(d)?
-5
Let p(v) = -3*v**3 + 22*v**2 + 4*v + 2*v**3 - 21*v**2. Give p(3).
-6
Let b(o) = -2*o**2 - o + 7 - 11*o + 0*o**2 + 3*o**2. Let z be b(11). Let f(w) = 0*w + 4 + 0*w + 2*w. Determine f(z).
-4
Let o(w) = w + 3. Suppose -i + 0*i = -5*b - 28, -i + 20 = -3*b. Let q = i + -5. Give o(q).
6
Suppose 3 = w + 1. Let y be -9 + 7 - 1*w. Let t(f) = 2*f + 3. Determine t(y).
-5
Let x(t) be the third derivative of -t**6/120 + t**5/15 + t**4/12 + 5*t**3/6 - 10*t**2. Calculate x(5).
-10
Let k(f) be the third derivative of -f**5/60 - 3*f**4/8 + 4*f**3/3 + 22*f**2. Determine k(-10).
-2
Let q(s) = -12 - 15*s**2 - s + 2*s**2 + 4*s**2 + s**3 + 11*s. Calculate q(8).
4
Let s(j) = j**2 - 1 + 4*j + j + 1. What is s(-6)?
6
Let m(f) = -4*f - f + 2 + f**3 + 2*f**2 + 3*f**2 + 2. Give m(-6).
-2
Let z(n) = n + 1. Let u be 2/6 - 7/3. Let x be z(u). Let j(t) = -t + 7*t**2 + 6*t**2 - 4*t**2. Calculate j(x).
10
Let o(h) = -h. Let m be (3*-1)/((-3)/4). Let x = m - 8. Let q = x + 4. Give o(q).
0
Let h be 1 - (-6 + 0 + 4). Let r(v) = -v**2 + v + 1. Calculate r(h).
-5
Let i = 1/215 - -211/860. Let y(d) be the second derivative of i*d**4 + 5/6*d**3 + 0 - 1/20*d**5 + 4*d - 2*d**2. Give y(3).
11
Let c(f) = f**3 - 5*f**2 + 3*f. Let i be c(4). Let a be (-4)/(1*i/2). Let o(m) = m + 13. Let w(r) = -3. Let z(u) = -2*o(u) - 9*w(u). Calculate z(a).
-3
Let d(n) = -n**2 + n. Let h(o) = 7*o**2 - o - 2. Let a(m) = 6*d(m) + h(m). Suppose -7*c + 11*c = -24. Calculate a(c).
4
Let k be (-8)/3*(-9)/(-6). Let z(d) = -d**2 - 4*d + 1. Calculate z(k).
1
Suppose -4*z = 8 + 16. Let h(v) = v**3 + 6*v**2 + 2*v + 9. Determine h(z).
-3
Let d(j) = -1 - 2 + 2 + 3 + j. Let m be d(0). Let t(z) = z**m - 2*z + 0*z**2 - 4*z + 2*z. What is t(3)?
-3
Suppose r = b - 3, -5*b + 0*b + r = -11. Let g(m) = b + 3 - 4 + m + 2*m. Calculate g(-1).
-2
Let k(l) = 3*l**3 - 15*l**2 - 5*l - 1. Let b(n) = 2*n**3 - 8*n**2 - 2*n - 1. Let x(s) = 5*b(s) - 3*k(s). Determine x(-4).
-6
